test common divisor of 30032795 and 23647.
221
What is the highest common divisor of 135 and 6438807?
9
Calculate the greatest common divisor of 38086 and 273274.
278
What is the highest common divisor of 3422 and 3315446?
118
What is the greatest common divisor of 728 and 647842?
26
What is the highest common divisor of 429090 and 4660?
10
Calculate the highest common factor of 441 and 391814073.
63
Calculate the highest common divisor of 3844646 and 6641.
29
Calculate the greatest common divisor of 1416709 and 21.
7
Calculate the highest common factor of 42206 and 3734782.
898
Calculate the greatest common factor of 16308820 and 330.
110
Calculate the greatest common factor of 43247841 and 147.
147
What is the highest common divisor of 747 and 1046215?
83
What is the highest common divisor of 3711812 and 3772?
164
What is the greatest common divisor of 61305 and 19455?
15
Calculate the greatest common divisor of 240146 and 46760.
334
Calculate the highest common divisor of 6295 and 55047257.
1259
Calculate the highest common factor of 9104976 and 13356.
1908
What is the greatest common factor of 2600562 and 36?
6
Calculate the highest common divisor of 41924 and 3700.
4
What is the highest common divisor of 275844 and 838392?
2172
What is the highest common divisor of 8492 and 18293891?
2123
Calculate the greatest common factor of 460173 and 34833.
51
What is the greatest common factor of 72017 and 123013?
11
Calculate the greatest common divisor of 53801781 and 21.
3
What is the greatest common factor of 219632 and 81548?
148
What is the greatest common divisor of 417 and 15844749?
417
What is the highest common factor of 324 and 223138080?
36
What is the highest common divisor of 164392 and 484?
4
Calculate the highest common divisor of 1434 and 653883207.
717
What is the highest common divisor of 74 and 159560650?
74
Calculate the highest common divisor of 51702696 and 360.
72
What is the highest common factor of 4425844 and 10544?
2636
Calculate the greatest common divisor of 16198169 and 78.
13
What is the highest common divisor of 18986452 and 2776?
1388
What is the greatest common divisor of 21305 and 125210?
5
Calculate the greatest common factor of 89421390 and 20370.
2910
What is the highest common factor of 4495 and 79025?
145
Calculate the greatest common factor of 336 and 6147225.
21
Calculate the greatest common factor of 24 and 9799652.
4
Calculate the highest common factor of 1763255 and 65.
65
What is the highest common factor of 12576 and 157792?
32
What is the greatest common factor of 3872022 and 24882?
1914
What is the greatest common divisor of 502902 and 4422?
402
Calculate the greatest common factor of 1969353 and 1864392.
1779
What is the greatest common factor of 356955174 and 18?
18
What is the greatest common factor of 72926 and 21007?
7
Calculate the highest common divisor of 4234 and 4957956.
58
Calculate the highest common factor of 206 and 478976059.
103
What is the greatest common divisor of 108 and 107359398?
54
Calculate the highest common divisor of 220 and 4377329.
11
Calculate the highest common factor of 68 and 31249247.
17
What is the greatest common divisor of 122 and 199724919?
61
What is the highest common factor of 79356767 and 73?
73
What is the greatest common divisor of 1054211 and 10491?
269
What is the greatest common divisor of 259542 and 10512?
18
Calculate the greatest common divisor of 215 and 12869212.
43
Calculate the highest common factor of 1192 and 1546840.
8
Calculate the greatest common divisor of 114759873 and 522.
261
What is the greatest common factor of 2704 and 85328776?
1352
Calculate the highest common factor of 86526583 and 143.
143
Calculate the greatest common factor of 22220 and 449012872.
4444
What is the highest common factor of 57816 and 10660044?
876
Calculate the greatest common factor of 585 and 12976650.
45
Calculate the highest common factor of 12956 and 178224.
316
Calculate the highest common factor of 5 and 18968095.
5
What is the highest common factor of 19424466 and 414?
414
What is the highest common factor of 150288589 and 51472?
3217
What is the highest common divisor of 10824 and 169576?
3608
Calculate the highest common divisor of 324314 and 5439542.
1942
What is the highest common factor of 262352160 and 2380?
2380
What is the greatest common divisor of 24416 and 11217190?
218
What is the highest common factor of 2682840 and 22910?
790
Calculate the greatest common divisor of 7 and 3348989.
7
What is the highest common factor of 5232 and 1623228?
1308
Calculate the greatest common factor of 319361 and 71638.
301
Calculate the highest common factor of 4930 and 77938370.
4930
Calculate the greatest common factor of 28944915 and 14985.
555
What is the highest common factor of 15 and 1835521035?
15
What is the greatest common factor of 196 and 5473412?
28
Calculate the highest common factor of 249739508 and 4336.
1084
What is the highest common divisor of 1192954 and 1554?
518
What is the highest common factor of 928072740 and 252?
84
What is the highest common divisor of 4376 and 33525083?
547
What is the highest common factor of 35147262 and 37?
37
Calculate the greatest common divisor of 49158619 and 1403.
61
Calculate the highest common factor of 102 and 4417042.
34
Calculate the highest common factor of 2140471 and 163026.
3019
Calculate the highest common factor of 64900 and 3875828.
2596
What is the greatest common factor of 30467648 and 30007?
811
What is the greatest common factor of 16803 and 1025?
1
Calculate the highest common divisor of 133452093 and 5421.
417
Calculate the greatest common factor of 115821153 and 3213.
1071
Calculate the greatest common factor of 7737 and 140764399.
2579
What is the highest common factor of 91575116 and 496?
124
Calculate the highest common divisor of 2992 and 134266.
374
Calculate the greatest common factor of 212408985 and 15970.
7985
Calculate the highest common divisor of 7256 and 14055779.
907
What is the highest common factor of 138835881 and 164?
41
What is the greatest common divisor of 538866 and 149098?
1174
Calculate the highest common factor of 220320 and 32470.
170
What is the greatest common divisor of 40794638 and 2827?
257
What is the highest common divisor of 78486 and 4344162?
762
What is the greatest common divisor of 242 and 2614502?
22
Calculate the highest common divisor of 162 and 3398814.
54
What is the greatest common factor of 182230 and 1945?
5
What is the highest common factor of 245617446 and 342?
114
What is the highest common divisor of 9112006 and 219?
73
What is the highest common divisor of 252 and 71832978?
126
What is the highest common divisor of 91560 and 432894?
42
Calculate the highest common divisor of 86 and 136368652.
86
What is the highest common factor of 864 and 1041240?
24
What is the greatest common divisor of 30790680 and 210?
30
What is the highest common divisor of 95 and 6742055?
95
What is the greatest common factor of 7 and 914362?
1
Calculate the highest common divisor of 798 and 570378.
6
What is the highest common divisor of 27121358 and 88?
22
What is the greatest common divisor of 9280805 and 2180?
545
What is the highest common factor of 17952 and 145452?
204
What is the highest common divisor of 6449157 and 2?
1
Calculate the highest common factor of 26679549 and 39.
39
Calculate the highest common divisor of 427381 and 1.
1
Calculate the highest common factor of 1809 and 11287356.
201
Calculate the highest common factor of 3484540 and 4.
4
What is the greatest common factor of 3507 and 11697?
21
Calculate the greatest common factor of 32736320 and 16.
16
Calculate the highest common divisor of 1652 and 69881.
7
What is the highest common factor of 464 and 33994736?
16
What is the highest common divisor of 13 and 282558679?
13
Calculate the highest common divisor of 1518635051 and 699.
233
What is the greatest common factor of 951450 and 132?
6
What is the greatest common factor of 1421518 and 112?
14
Calculate the highest common divisor of 36344966 and 1372.
686
What is the highest common divisor of 893476 and 1?
1
What is the highest common factor of 1322 and 17689682?
1322
What is the highest common divisor of 5572240 and 1688?
8
Calculate the